11 - 1)
-21
Evaluate 8 + 0 - (30 - 18).
-4
Calculate (11 - 16 - 4) + (2 - 2) + -1.
-10
What is the value of -21 + 9 + (-16 - -19)?
-9
Calculate (-1042 - -1096) + (-25 - 1).
28
Calculate (-13 - (-10 - 3)) + -1.
-1
-17 + 1 + -37 + 69
16
What is 3 - (13 + 6 + -9 + 2)?
-9
What is (1 - 0) + -1 - (2 - 0) - 9?
-11
What is the value of 21 - 1 - (23 + 26 + -33)?
4
Evaluate -1 + ((1 - -1) + (60 - 64) - -2).
-1
-3 + -9 + 5 + (-1 - -12)
4
What is the value of 2 - -1 - (392 + -374)?
-15
Calculate (27 - 33) + (5 - 11) + -2 + 0.
-14
Calculate 17 + 0 + ((-9 - -14) + -2 - 7).
13
3 + -19 + 14 + (11 - 8)
1
What is the value of (14 - 17) + -8 + (4 + -10 - -4)?
-13
Calculate 10 + 0 + (-18 + 26 - 43).
-25
What is the value of -6 + 0 + -19 + 10 + -5?
-20
What is the value of (-10 - -1) + (-13 - (-23 + 6))?
-5
What is (0 - -6) + (11 - -1 - 38)?
-20
(-9 - (4 - 11 - -6)) + 10
2
Evaluate -1 - 2 - ((-55 - -28) + 18).
6
What is 4 - (2 + -6 + (8 - 8) + -12)?
20
(-13 - -4 - (-42 + 41)) + 1
-7
What is (3 - -7) + -4 - -6 - 13?
-1
What is -34 - (6 + (-17 - 5) + 2)?
-20
2 + (4 - 1) + -23 + (-1 - -4)
-15
What is -5 - (11 - -1 - (7 - 6))?
-16
Calculate 3 + -7 + 3 + (-7 - -1 - -11).
4
Evaluate -18 + (3 - (11 - 6 - -11)).
-31
What is (-5 + 2 - -7) + -10 - -28?
22
Evaluate 0 + 10 + (13 - 14 - -1).
10
Evaluate -1 + 3 + (-12 + (6 - -6) - -23).
25
What is the value of 17 - (0 + (23 - 12))?
6
-8 + (-5 + (-5 - -7) - -22) - -2
13
What is -3 + 2 + (-104 + 51 - -80)?
26
Calculate 7 + -10 + -5 + (2 - -2 - -1).
-3
Calculate (25 - -1) + (649 - 667).
8
What is (33 - -7) + -29 - (-3 - -3 - -7)?
4
Evaluate -13 + 14 + -36 + 13 + -1.
-23
What is the value of 49 - ((34 - 11) + 4)?
22
What is 5 + 7 + (-8 - 18)?
-14
Evaluate (-63 - -62) + -4 + 1.
-4
Calculate 89 + -66 - (1 - -10).
12
Calculate 10 - 18 - (8 + (3 - 0)).
-19
Calculate (-11 - 4 - -8 - -8) + 12.
13
Calculate 7 + -8 - (-20 + -1 - 9).
29
What is -50 + 15 + (45 - 25)?
-15
Evaluate 7 - 1 - (161 + -169).
14
What is the value of -35 + (-2 + 9 - (4 + -5 - -9))?
-36
What is -24 + 20 + -7 - (-3 + (3 - 2))?
-9
What is the value of -10 - (13 + 1 + -34)?
10
Calculate (16 - (19 - 9)) + -4 + 0 + -23.
-21
What is the value of -7 + 25 + (-54 - -42)?
6
(14 - 9) + (1 - 12) + 6 + -3
-3
What is the value of -7 + (3 - 6) - (-38 - (20 + -25))?
23
Evaluate 5 - (-18 + (-8 - -46)).
-15
What is 0 + (0 - -2) + 4 + -5 + -10?
-9
What is the value of -8 - 1 - (106 - 109)?
-6
What is the value of -7 + 19 + 3 + -2 - 2?
11
What is -2 + (-15 - -23 - (-3 - 0))?
9
Evaluate -314 - -323 - (1 - -8) - -6.
6
Calculate 30 - (49 - 24) - (-2 + 0 - -1).
6
Evaluate (-7 - (4 + -7 - (1 + -6))) + -2.
-11
Calculate 12 - ((11 - -1) + (-13 - -26)).
-13
17 - (6 + -19 + 20)
10
Evaluate 16 + -11 - (9 + 4 + -5).
-3
What is the value of 8 + 18 + -3 + -20?
3
What is the value of 999 - 1000 - (40 + 0)?
-41
What is (-2 - 14) + 6 - (-13 - 8)?
11
-1 - (-14 - (-1 - 18))
-6
What is -7 + (-1 - -3) + -301 + 308?
2
Calculate 5 - -12 - (178 - 153).
-8
Calculate -4 + (8 - (6 + -1)) + 21.
20
Calculate 2 + (-12 - -4 - -10).
4
What is the value of 7 + 4 - (79 + -69)?
1
(-12 - -19 - 34) + 20
-7
Calculate (12 - 14) + 6 + 0 - (15 - 9).
-2
Evaluate 33 + 14 + (-1 - 34 - -19).
31
Calculate (-11 - -7) + (-6 - -8).
-2
-294 + 291 + (5 - 3) + (0 - -5)
4
What is 2 + 0 - (138 + -122)?
-14
Calculate (-13 - -19) + (-2 - 9).
-5
What is the value of -1 + (-32 - -23) - (2 - 4)?
-8
What is the value of -5 + (14 - 4) - (0 - -1)?
4
Calculate (17 - 2) + (-1 - 10 - (-2 - 11)).
17
Calculate 22 + (-1 - -3) + -51.
-27
What is 602 + -596 - (0 - (-2 + 12))?
16
Evaluate (2 - -20) + (9 - -3 - (15 + -6)).
25
15 + (-10 + 21 - 33)
-7
Evaluate 2 + (5 - 10 - -2) + -7.
-8
(-20 - (-14 - -7)) + 13 + -12
-12
Evaluate (0 - (-6 - 1)) + 1 + -19.
-11
Evaluate -13 + 9 + (1 - 11) - -4 - 0.
-10
Evaluate (-8 - 4) + (-33 + 19 - -17).
-9
Calculate (-4 - 1) + (27 - 7) + -10 + -8.
-3
What is (3 + -9 + 1 - 2) + 5?
-2
What is -20 + 22 + -15 - -20?
7
(60 - (2 + 12) - 9) + -16
21
Evaluate 52 - (18 - -7 - -10).
17
Evaluate (-7 + 0 - (9 + -17 + 7)) + 10.
4
Calculate (3 - -9 - 23) + 5 + 1 + 2.
-3
What is the value of -9 + 17 + -3 + 1 + -1?
5
Evaluate -13 + (21 - 13 - 2) + -3.
-10
Evaluate (-17 - 5) + 38 + -33.
-17
Evaluate (-1 - (-24 + -2)) + (-237 - -236).
24
Calculate -87 + 99 - (1 - 6 - -4).
13
What is 5 - (2 - (4 + -14))?
-7
Calculate -2 - -3 - 0 - (1 - (15 + -15)).
0
Calculate -11 + (-17 - -37) + 0 + -1.
8
Evaluate (2 - ((4 - 0) + (35 - 36))) + -4.
-5
(-44 - 0) + (-843 - -868)
-19
What is 22 - 26 - (-3 + 7 + -4)?
-4
Evaluate -6 + 27 + -18 + -3.
0
21 - (-14 - ((-8 - -4) + -4))
27
Calculate (-6 - (3 + -11)) + (-2 - 3) - -3.
0
What is the value of (132 - 129 - (0 - (-19 + -2))) + -9?
-27
(-6 - (11 + -4 + -41)) + -3
25
Calculate -9 + 4 - (0 - 1 - 0).
-4
What is (9 - 0) + -21 + 22 + 24 + -12?
22
What is -1 + (0 - -3) + (-11 - (-14 + 2))?
3
What is 33 - (16 - (-9 - -7)) - 47?
-32
Calculate 17 + 7 + (8 + -7 - 9).
16
What is the value of (1 + 2 - 4) + (-3 - 1)?
-5
What is the value of (-8 - (-3 + 11 - 3)) + 4?
-9
What is 0 - (-1 - 5) - (5 + 0)?
1
23 + -25 + (4 + (8 - -3) - 3)
10
Evaluate -25 + 16 + -26 + 17.
-18
What is -2 - (0 + 13 - (-4 - -8))?
-11
Calculate -670 + 634 - (-30 - -2).
-8
What is 0 + -9 + -3 + -2 + 21 + -20?
-13
(-1 + 2 - 0) + (-12 + 8 - 2)
-5
(1 - -1 - 1) + 32 + -29 + 30
34
What is the value of -20 - (25 - (22 + 28))?
5
Calculate (-3 - 19) + (-9 - (2 + 8 + -21)).
-20
What is the value of -8 + -8 + 16 + 2 + (3 - 3)?
2
-5 + 3 + 7 + 11 + -2
14
What is the value of 6 + (1 - -1) - (-1 - (16 - 19))?
6
-1 - (0 - 7) - (-4 - (12 - 5))
17
-19 + 12 + (23 - 14)
2
15 + (19 - (-9 - -33))
10
10 - (-7 + 5 + 20)
-8
What is the value of -15 + -35 + 26 - -25?
1
20 - (13 - (0 + 19) - (2 + -6))
22
Evaluate 2 - (15 - (29 - 14)).
2
What is 13 + -8 + (-5 - 3)?
-3
Calculate 4 + -15 + (1 - -7 - -1).
-2
-14 + 0 + -1 - -3
-12
What is the value of (30 - 62) + (-28 - -53)?
-7
Calculate -8 - (-23 + 9 + 14).
-8
-17 + 9 + 13 + 3
8
Evaluate 2 + 25 + -28 + 4 + -1 - -13.
15
Calculate (-1 - -4) + (3 - 0) + (8 - 11).
3
What is 8 - (21 + 6 + -15)?
-4
Evaluate -17 - ((5 - -1) + 8 + -12 - 5).
-14
(-2 + -1 - (12 - -5)) + 1 + 6
-13
Calculate -9 - (-1 + -28 - -2 - -6).
12
What is the value of 15 - -1 - (460 - 441)?
-3
Evaluate (-21 + -3 - -11) + -2.
-15
Calculate (5 - 6) + (-5 - (-7 + -5)).
6
108 + -115 + (10 - 14 - (-17 + 2))
4
What is the value of (-8 - 7) + 25 + (-1 - 5)?
4
What is 12 + 12 - (21 - 5)?
8
What is the value of 1 + -7 - (15 + (-12 - 9) + 3)?
-3
What is the value of 8 - (20 - 17) - -4?
9
Calculate 4 - (13 + -9) - (0 + -1).
1
What is the value of 13 + 8 + 36 + -28?
29
Evaluate -10 + (-6 - -6) + 8.
-2
-21 + 29 + -26 + 17
-1
Evaluate -283 + 295 + (-4 - (-3 - -2)).
9
-5 + (-1 + 2 - -13) - 7
2
Evaluate -1 - 8 - (-2 + -1 + 9 + -3).
-12
What is 11 + 4 - (24 + -31)?
22
What is the value of -3 - -9 - (-3 - (-11 - -2))?
0
What is -1 + -2 + (-16 + -3 + 22 - 9)?
-9
What is (36 - (-49 + 70)) + (16 - 1)?
30
2 - -3 - (-11 + 12)
4
What is the value of (2 - 10) + (20 - 33 - -31)?
10
(-2 + 2 + 4 - (43 - 45)) + -19
-13
4 + (-13 - (16 - 9))
-16
-20 + (7 - -8) - (0 - 4)
-1
Calculate 29 - ((16 - -12) + -16).
17
(0 - -7) + 2 + -2
7
What is -9 + (-3 + 1 - (19 - 25))?
-5
Evaluate -9 + -2 + 11 - -8.
8
What is 11 - (344 + -336 - (20 + 0))?
23
(-2 - -12) + (-5 - 3) - 5
-3
-16 + (-21 - -12 - -3 - -8)
-14
Calculate 3 - (0 + 1 + 2) - (33 - 45).
12
-4 - (-10 + 1 + -9 - -6)
8
Evaluate (15 - (12 - 9)) + 0 + (1 - 1).
12
What is the value of (6 - 17) + 14 + (-2 - (-3 + 2))?
2
Evaluate (-3 + -2 - -10) + 1 + 0 - 16.
-10
2 + -4 + -6 + (0 - -9)
1
What is -7 + 0 + 77 + -91?
-21
Calculate -1 + 0 + (17 - 14) - (7 + -2).
-3
Calculate -9 + (2 + 8 - 4).
-3
9 + -6 - (-16 + -8 - -9)
18
Calculate 7 + -10 + 14 + -21.
-10
Calculate 11 - 8 - (3 + 1) - 9.
-10
What is the value of -8 + 0 + -3 - -15?
4
Calculate -11 + 3 + (-5 - 7) + 14.
-6
What is the value of (67 - 64) + 1 + 0 + 6?
10
What is 18 + -4 + (11 - 28)?
-3
Calculate 0 + 0 - 2 - (4 - 9) - 3.
0
What is 3 - (10 - (11 + -20 + 37))?
21
Calculate 12 - -5 - (-33 + 57).
-7
What is 3 + 3 + 1 - (-4 + 1)?
10
What is the value of -62 - -67 - (2 - -16)?
-13
Evaluate 11 + (0 - 1) + -13 + 36 + -5.
28
-7 + -1 + -1 + (-40 - -38)
-11
Evaluate -6 - (-9 + (-10 + 20 - -7)).
-14
Calculate -